*r = 3*r + 38. Let t = r - x. Calculate the highest common divisor of 20 and t.
10
Suppose -2*j = z - 12, 2*j - 3*z + 8 = z. Calculate the greatest common factor of j and 12.
4
Let f = 15 + 39. Let s = f - 3. What is the highest common divisor of s and 34?
17
Suppose -19 = -g + 1. Suppose -2*n - g = -4*m, 4*n - 5 = -2*m + m. Suppose 0 + 10 = z. What is the greatest common factor of m and z?
5
Let b = -23 - -32. Let j = b - 3. Calculate the greatest common factor of 24 and j.
6
Let o = -163 - -282. Let y be (3 + -5)/(-2) + o. Suppose 3*c + 4 = 49. Calculate the greatest common divisor of y and c.
15
Let s = 1425 + -1415. Suppose 0*i + 3*i = 12, 0 = 2*a + 4*i - 196. What is the greatest common divisor of s and a?
10
Suppose 0 = 5*a - 3 - 122. Suppose -2*z + q = -2*q + a, 0 = -4*z - 4*q. Let d = 23 + z. What is the greatest common divisor of d and 45?
9
Let s be 1/2 + (-31)/(-2). Suppose -2*z + w + 10 - 6 = 0, -5*w = 5*z - 40. What is the greatest common divisor of z and s?
4
Let y = 8 + -5. Suppose 4*r = -y*h + 10, 3*h - 6*r = -r + 1. Let a be (1 - -2) + (2 - 4). What is the greatest common factor of a and h?
1
Suppose 2*q - 48 = -4*l - 0*l, -5*q + l = -153. Let o be (-4)/(-10) + 1608/q. What is the greatest common divisor of 135 and o?
27
Let l(n) = n**2 - 5*n - 10. Let d be l(-6). What is the greatest common factor of d and 7?
7
Let b be (1 - 31)*(-2)/3. Let d be 12*(1032/72 - 4/(-6)). Calculate the highest common divisor of d and b.
20
Let m(r) = 3*r**2 - 3*r - 3. Let c be m(-2). Suppose 5*z - 25 = -4*o, 5*z + 16 = -3*o + 41. What is the greatest common factor of z and c?
5
Suppose -4*h + h = 36. Let w = -12 + 3. Let y be 4*(w/h - -1). What is the highest common divisor of y and 7?
7
Let l(d) = 3*d**2 + 3*d + d - 2*d - 2*d**2. Let r be l(7). Suppose 2*g + 0*g = 2*i + 54, 4*g - r = -5*i. What is the greatest common factor of 33 and g?
11
Let o = 485 + -265. Suppose 0 = 6*g - 2*g - o. What is the highest common divisor of 22 and g?
11
Let v(s) = 4*s**2 - 7*s - 2. Let h be v(-3). Calculate the highest common factor of h and 22.
11
Let q(n) = -n**2 + 12*n - 8. Suppose -7*u = -4*t - 2*u + 31, 2*u = 2. Let s be q(t). Calculate the highest common factor of 133 and s.
19
Suppose 0 = b + 3*o + 3, -5*b + 5 = 4*o + o. Suppose -b*g + 48 = g. Suppose g + 2 = 2*q. What is the greatest common factor of 7 and q?
7
Let f be (48/(-14))/((-2)/14). Let s(j) = 9*j**2 + j - 1. Let o be s(1). Suppose 0 = -4*d + o + 15. Calculate the greatest common divisor of d and f.
6
Suppose q - 2548 = -3*q. Suppose 0*j - 506 = -4*b - 2*j, -5*b - j + q = 0. What is the greatest common divisor of b and 16?
16
Suppose -2*a - 223 - 23 = 0. Let z = 178 + a. What is the highest common factor of 11 and z?
11
Let p be (-2)/((56/12)/(-7)). Calculate the greatest common factor of p and 15.
3
Let v = 347 + -219. Let g = 598 + -582. Calculate the highest common divisor of v and g.
16
Let s be (-164)/6 - 24/(-18). Let k = s - -40. Let v(b) = -2*b - 6. Let j be v(-4). Calculate the highest common factor of j and k.
2
Let d(s) = -s + 38. Let r be d(28). What is the highest common factor of r and 5?
5
Suppose 36 = 2*b - 2*v, -5*v + 30 = 3*b - 32. Calculate the greatest common factor of b and 152.
19
Suppose -4*q + 4*w + 100 = 0, 3*q + 2*q + 5*w - 115 = 0. Let x = -15 + q. What is the greatest common divisor of x and 1?
1
Let r be 4/14 - 414/(-21). Let d = -15 - -25. Calculate the greatest common divisor of r and d.
10
Suppose 2*g + 97 = 361. Calculate the highest common divisor of g and 33.
33
Let k be 2*(0 - (-5)/(-2)). Let i = k - -8. Let j(p) = p**3 - 3*p**2 - 3*p - 2. Let o be j(5). What is the highest common divisor of i and o?
3
Let s be (0 + -6)/(1 + 12/(-11)). Calculate the highest common factor of s and 6.
6
Let r = 124 + -120. Calculate the highest common factor of 124 and r.
4
Let i be 4/(-8)*24/(-2). What is the highest common divisor of i and 2?
2
Suppose -158 = -5*g + 22. Let x = 22 - -68. What is the highest common divisor of x and g?
18
Suppose 4*s = 2*s + 6. Let i = 5 - s. Suppose -n + 3*k - 4*k + 140 = 0, -i*k = 5*n - 709. What is the greatest common factor of n and 13?
13
Let n be -2 + (-1)/(1/1). Let w be (-88)/(-6) - (-2)/n. Let x be ((-462)/(-4))/((-228)/(-48) + -4). Calculate the highest common factor of x and w.
14
Let p(r) = r**3 - 12*r**2 + 15*r + 12. Let d be p(11). Calculate the greatest common divisor of 28 and d.
28
Let s be (-2)/14 + 0 - (-342)/42. What is the greatest common divisor of 8 and s?
8
Let f = -139 - -348. Let l = f + -77. Calculate the greatest common factor of 12 and l.
12
Let v(n) = 15*n**2 + 2*n - 1. Let y be (2/4)/((-9)/(-36)). Let z be v(y). Suppose -5*t + 43 - 8 = 0. Calculate the highest common factor of z and t.
7
Let q = 13 - 10. What is the highest common divisor of 12 and q?
3
Let g be (-49)/21*(-6)/(-4)*-2. Suppose -5*k - 4*f + 70 = 0, 0 = -4*k + 2*f + 41 + 15. What is the highest common divisor of k and g?
7
Let z(r) = 6*r**3 + 4*r**2 - 4*r + 1. Let v be z(-6). Let p be v/(-21) + (-2)/(-6). Calculate the greatest common factor of 6 and p.
6
Let h(r) = r**3 - 2*r**2 - 2*r - 4. Let o be h(3). Let b be o + 89 + -6 + 2. What is the greatest common divisor of b and 12?
12
Let x be -11*4*(0 - -1). Let a be 0 + (x - -2 - 2). Let n = -26 - a. What is the highest common divisor of n and 9?
9
Let m be (-58)/(-7) - 6/21. Let z = m - 6. Let o be ((-24)/(-40))/(1/5). Calculate the greatest common factor of z and o.
1
Let g = -49 + 58. What is the greatest common factor of 99 and g?
9
Let r(k) = k - 1. Let l be r(7). Calculate the highest common divisor of 24 and l.
6
Let f = -35 + 73. Let v = f - 22. Calculate the highest common factor of v and 24.
8
Let n be (0 + 1)*-5*-4. Suppose 3*f - 4*z + 15 = 2*f, -2*z + 11 = 3*f. Let b = 11 - f. What is the highest common divisor of n and b?
10
Let p = -88 + 123. Let h(v) = v**2 - v + 1. Suppose -4*s + 2*s = 4. Let f be h(s). What is the highest common factor of f and p?
7
Suppose 3*l - 7*l + 12 = 0. Suppose 2*f - 2*y + 7 = 3*f, -l*y + 70 = 5*f. Calculate the greatest common divisor of f and 17.
17
Suppose 2*q = a + 127, 3*q + 3*a - 79 = 125. Calculate the greatest common divisor of q and 13.
13
Let z be 36 + 9 - (-6)/(-2). What is the highest common divisor of 14 and z?
14
Let s(i) = -3*i + 2 - 3*i + 4*i + 0*i. Let c be s(-8). Calculate the highest common divisor of c and 72.
18
Let n be (-594)/(-10) - 3/(-5). Suppose 5*o = -0*o + n. Calculate the highest common divisor of 8 and o.
4
Suppose 5*z - 41 = 3*v, 0*v + 5*v = -2*z + 4. Suppose 0 = -2*h + 5 + 9. Suppose -5*l - h = -42. Calculate the greatest common factor of l and z.
7
Suppose d + 5*t + 22 = 0, d + 4*t + 26 = 9. Suppose -13 = -d*c + 2. Calculate the highest common factor of c and 40.
5
Let t be ((-4)/6)/(-1*3/45). What is the greatest common divisor of 90 and t?
10
Let x be 1/(-5) - (-6)/30. Let o be 4386/8 + (-2)/8. Suppose 4*w - 16 = x, 2*w + 210 = -2*v + o. Calculate the greatest common divisor of v and 15.
15
Let h(j) = -j**2 - 5*j + 11. Let g be h(-6). Suppose 5*w - 5 = 0, i + g*w - 55 = -10. What is the greatest common divisor of i and 10?
10
Suppose -51 = -j - 8*p + 3*p, -3*j - 2*p + 140 = 0. What is the greatest common divisor of 23 and j?
23
Let p be -2 + (2 - (-1 - -1)). Suppose i + p*i = 0. Let g be (i + 9)/(2/26). What is the highest common divisor of g and 13?
13
Suppose -3*t - x = -16 - 42, 5*x = -5*t + 100. Calculate the highest common divisor of t and 76.
19
Let s = -8 + 28. Let y = 38 - s. What is the greatest common factor of 6 and y?
6
Suppose 5*q = 3*f + 40, 4*q + 4*f - 49 = -17. Calculate the highest common divisor of 88 and q.
8
Suppose 643 - 83 = 5*h - 5*w, -w - 332 = -3*h. Calculate the highest common divisor of h and 10.
10
Let u be (-6)/(-1)*(-24)/(-36). Suppose 2*l - 3*h - 36 = -l, -2*l = u*h - 24. What is the highest common factor of 6 and l?
6
Let h(x) = 16*x**2 + x. Let j(r) = r + 8. Let q be j(-7). Let l be h(q). What is the greatest common divisor of l and 17?
17
Suppose 2*m - 53 = t, -131 = -4*m + t - 4*t. Let h = -18 + m. Let k(i) = 2*i**2 - 2*i - 7. Let x be k(-6). Calculate the highest common divisor of x and h.
11
Let m = 3 + -5. Let u be 324/4 + 6/m. What is the highest common factor of u and 13?
13
Let l = 